{"id":176,"date":"2023-11-09T02:48:08","date_gmt":"2023-11-09T01:48:08","guid":{"rendered":"https:\/\/stratos-saga.com\/?page_id=176"},"modified":"2023-11-14T22:51:17","modified_gmt":"2023-11-14T21:51:17","slug":"alex-fairchild","status":"publish","type":"page","link":"https:\/\/stratos-saga.com\/?page_id=176","title":{"rendered":"Alex Fairchild"},"content":{"rendered":"\n<ul class=\"wp-block-list\">\n<li><strong>Geburtstag<\/strong>: 30. Oktober 1992<\/li>\n\n\n\n<li><strong>Geburtsort:<\/strong> Z\u00fcrich, Schweiz<\/li>\n\n\n\n<li><strong>Aussehen<\/strong>: Alex ist etwa 1,77 m gro\u00df, hat bunte Haare (je nach Cosplay) und ein Piercing in der Lippe. Sie tr\u00e4gt oft auff\u00e4llige Outfits und Make-up und hat immer ein breites Grinsen im Gesicht.<\/li>\n\n\n\n<li><strong>Wohnte meist:<\/strong> Berlin, Deutschland<\/li>\n<\/ul>\n\n\n\n<p>Fr\u00fche Jahre und Ausbildung<\/p>\n\n\n\n<ul class=\"wp-block-list\">\n<li><strong>2010-2014<\/strong>: Studium der Medienwissenschaften an der Humboldt-Universit\u00e4t zu Berlin<\/li>\n\n\n\n<li><strong>2010<\/strong>: Beginn ihrer T\u00e4tigkeit als Streamerin auf Justin.tv w\u00e4hrend des Studiums\n<ul class=\"wp-block-list\">\n<li>Fr\u00fche Pionierin im Livestreaming, bekannt f\u00fcr kreative Inhalte und Cosplay-Streams<\/li>\n<\/ul>\n<\/li>\n<\/ul>\n\n\n\n<p>Fr\u00fche Karriere<\/p>\n\n\n\n<ul class=\"wp-block-list\">\n<li><strong>2014<\/strong>: Abschluss mit Bachelor of Arts<\/li>\n\n\n\n<li><strong>2014-2016<\/strong>: Freelance Mediendesignerin und Streamerin\n<ul class=\"wp-block-list\">\n<li>Fortf\u00fchrung des Streaming mit Fokus auf Gaming, Cosplay und Popkultur<\/li>\n\n\n\n<li>Erste Schritte in der Medienproduktion und im Design<\/li>\n<\/ul>\n<\/li>\n<\/ul>\n\n\n\n<p>Weiterf\u00fchrende Karriere<\/p>\n\n\n\n<ul class=\"wp-block-list\">\n<li><strong>2016-2018<\/strong>: Junior Producerin bei einem Berliner Medienunternehmen\n<ul class=\"wp-block-list\">\n<li>Entwicklung und Produktion von digitalen Inhalten f\u00fcr verschiedene Plattformen<\/li>\n<\/ul>\n<\/li>\n\n\n\n<li><strong>2018-2020<\/strong>: Senior Producerin und Creative Director\n<ul class=\"wp-block-list\">\n<li>Leitung von gr\u00f6\u00dferen Projekten, Fokus auf interaktive und innovative Medieninhalte<\/li>\n<\/ul>\n<\/li>\n<\/ul>\n\n\n\n<p>Unternehmensgr\u00fcndung<\/p>\n\n\n\n<ul class=\"wp-block-list\">\n<li><strong>2021<\/strong>: Gr\u00fcnderin und CEO von &#8222;PixelMedia&#8220;<\/li>\n\n\n\n<li>Ein Medienunternehmen, das sich auf interaktive und immersive Medieninhalte spezialisiert, unter Einsatz neuester Technologien wie AR\/VR<\/li>\n\n\n\n<li>Starker Fokus auf digitale Innovationen und kreative Content-Strategien<\/li>\n<\/ul>\n\n\n\n<p>Sonstiges<\/p>\n\n\n\n<ul class=\"wp-block-list\">\n<li>Aktive Teilnahme an Medienkonferenzen und Podiumsdiskussionen \u00fcber die Zukunft der digitalen Medien<\/li>\n\n\n\n<li>Engagement f\u00fcr Frauen in Tech und digitale Bildung<\/li>\n<\/ul>\n\n\n\n<figure class=\"wp-block-gallery has-nested-images columns-default is-cropped wp-block-gallery-1 is-layout-flex wp-block-gallery-is-layout-flex\">\n<figure class=\"wp-block-image size-large\"><img loading=\"lazy\" decoding=\"async\" width=\"1024\" height=\"1024\" data-id=\"200\" src=\"https:\/\/stratos-saga.com\/wp-content\/uploads\/2023\/11\/DALL\u00b7E-2023-11-14-06.44.11-A-19-year-old-woman-named-Alex-sitting-in-a-streaming-setup.-She-is-approximately-1.77-meters-tall-has-colorful-hair-varied-depending-on-her-cosplay.png\" alt=\"Alex Fairchild\" class=\"wp-image-200\" srcset=\"https:\/\/stratos-saga.com\/wp-content\/uploads\/2023\/11\/DALL\u00b7E-2023-11-14-06.44.11-A-19-year-old-woman-named-Alex-sitting-in-a-streaming-setup.-She-is-approximately-1.77-meters-tall-has-colorful-hair-varied-depending-on-her-cosplay.png 1024w, https:\/\/stratos-saga.com\/wp-content\/uploads\/2023\/11\/DALL\u00b7E-2023-11-14-06.44.11-A-19-year-old-woman-named-Alex-sitting-in-a-streaming-setup.-She-is-approximately-1.77-meters-tall-has-colorful-hair-varied-depending-on-her-cosplay-300x300.png 300w, https:\/\/stratos-saga.com\/wp-content\/uploads\/2023\/11\/DALL\u00b7E-2023-11-14-06.44.11-A-19-year-old-woman-named-Alex-sitting-in-a-streaming-setup.-She-is-approximately-1.77-meters-tall-has-colorful-hair-varied-depending-on-her-cosplay-150x150.png 150w, https:\/\/stratos-saga.com\/wp-content\/uploads\/2023\/11\/DALL\u00b7E-2023-11-14-06.44.11-A-19-year-old-woman-named-Alex-sitting-in-a-streaming-setup.-She-is-approximately-1.77-meters-tall-has-colorful-hair-varied-depending-on-her-cosplay-768x768.png 768w\" sizes=\"auto, (max-width: 709px) 85vw, (max-width: 909px) 67vw, (max-width: 1362px) 62vw, 840px\" \/><figcaption class=\"wp-element-caption\">Alter 19<\/figcaption><\/figure>\n\n\n\n<figure class=\"wp-block-image size-large\"><img loading=\"lazy\" decoding=\"async\" width=\"1024\" height=\"1024\" data-id=\"201\" src=\"https:\/\/stratos-saga.com\/wp-content\/uploads\/2023\/11\/DALL\u00b7E-2023-11-14-06.47.13-An-image-of-a-young-man-named-Alen-and-a-young-woman-named-Alex-at-a-house-party.-Alen-is-about-25-years-old-with-a-Caucasian-complexion-short-black.png\" alt=\"Alen Stratos und Alex Fairchild 2011\" class=\"wp-image-201\" srcset=\"https:\/\/stratos-saga.com\/wp-content\/uploads\/2023\/11\/DALL\u00b7E-2023-11-14-06.47.13-An-image-of-a-young-man-named-Alen-and-a-young-woman-named-Alex-at-a-house-party.-Alen-is-about-25-years-old-with-a-Caucasian-complexion-short-black.png 1024w, https:\/\/stratos-saga.com\/wp-content\/uploads\/2023\/11\/DALL\u00b7E-2023-11-14-06.47.13-An-image-of-a-young-man-named-Alen-and-a-young-woman-named-Alex-at-a-house-party.-Alen-is-about-25-years-old-with-a-Caucasian-complexion-short-black-300x300.png 300w, https:\/\/stratos-saga.com\/wp-content\/uploads\/2023\/11\/DALL\u00b7E-2023-11-14-06.47.13-An-image-of-a-young-man-named-Alen-and-a-young-woman-named-Alex-at-a-house-party.-Alen-is-about-25-years-old-with-a-Caucasian-complexion-short-black-150x150.png 150w, https:\/\/stratos-saga.com\/wp-content\/uploads\/2023\/11\/DALL\u00b7E-2023-11-14-06.47.13-An-image-of-a-young-man-named-Alen-and-a-young-woman-named-Alex-at-a-house-party.-Alen-is-about-25-years-old-with-a-Caucasian-complexion-short-black-768x768.png 768w\" sizes=\"auto, (max-width: 709px) 85vw, (max-width: 909px) 67vw, (max-width: 1362px) 62vw, 840px\" \/><figcaption class=\"wp-element-caption\">Alter 22 und 19<\/figcaption><\/figure>\n\n\n\n<figure class=\"wp-block-image size-large\"><img loading=\"lazy\" decoding=\"async\" width=\"1024\" height=\"1024\" data-id=\"202\" src=\"https:\/\/stratos-saga.com\/wp-content\/uploads\/2023\/11\/DALL\u00b7E-2023-11-14-06.50.33-Alex-25-years-old-as-a-show-host-on-the-set-of-her-own-show.-She-is-about-1.77-m-tall-has-vibrant-colorful-hair-styled-according-to-her-outfit-a.png\" alt=\"Alex Fairchild 2017\" class=\"wp-image-202\" srcset=\"https:\/\/stratos-saga.com\/wp-content\/uploads\/2023\/11\/DALL\u00b7E-2023-11-14-06.50.33-Alex-25-years-old-as-a-show-host-on-the-set-of-her-own-show.-She-is-about-1.77-m-tall-has-vibrant-colorful-hair-styled-according-to-her-outfit-a.png 1024w, https:\/\/stratos-saga.com\/wp-content\/uploads\/2023\/11\/DALL\u00b7E-2023-11-14-06.50.33-Alex-25-years-old-as-a-show-host-on-the-set-of-her-own-show.-She-is-about-1.77-m-tall-has-vibrant-colorful-hair-styled-according-to-her-outfit-a-300x300.png 300w, https:\/\/stratos-saga.com\/wp-content\/uploads\/2023\/11\/DALL\u00b7E-2023-11-14-06.50.33-Alex-25-years-old-as-a-show-host-on-the-set-of-her-own-show.-She-is-about-1.77-m-tall-has-vibrant-colorful-hair-styled-according-to-her-outfit-a-150x150.png 150w, https:\/\/stratos-saga.com\/wp-content\/uploads\/2023\/11\/DALL\u00b7E-2023-11-14-06.50.33-Alex-25-years-old-as-a-show-host-on-the-set-of-her-own-show.-She-is-about-1.77-m-tall-has-vibrant-colorful-hair-styled-according-to-her-outfit-a-768x768.png 768w\" sizes=\"auto, (max-width: 709px) 85vw, (max-width: 909px) 67vw, (max-width: 1362px) 62vw, 840px\" \/><figcaption class=\"wp-element-caption\">Alter 25<\/figcaption><\/figure>\n\n\n\n<figure class=\"wp-block-image size-large\"><img loading=\"lazy\" decoding=\"async\" width=\"1024\" height=\"1024\" data-id=\"203\" src=\"https:\/\/stratos-saga.com\/wp-content\/uploads\/2023\/11\/DALL\u00b7E-2023-11-14-06.53.06-Alex-a-successful-woman-in-the-media-industry-aged-40-sitting-behind-a-desk-in-her-office.-She-maintains-her-cool-and-quirky-style-with-colorful-a.png\" alt=\"Alex Fairchild 2032\" class=\"wp-image-203\" srcset=\"https:\/\/stratos-saga.com\/wp-content\/uploads\/2023\/11\/DALL\u00b7E-2023-11-14-06.53.06-Alex-a-successful-woman-in-the-media-industry-aged-40-sitting-behind-a-desk-in-her-office.-She-maintains-her-cool-and-quirky-style-with-colorful-a.png 1024w, https:\/\/stratos-saga.com\/wp-content\/uploads\/2023\/11\/DALL\u00b7E-2023-11-14-06.53.06-Alex-a-successful-woman-in-the-media-industry-aged-40-sitting-behind-a-desk-in-her-office.-She-maintains-her-cool-and-quirky-style-with-colorful-a-300x300.png 300w, https:\/\/stratos-saga.com\/wp-content\/uploads\/2023\/11\/DALL\u00b7E-2023-11-14-06.53.06-Alex-a-successful-woman-in-the-media-industry-aged-40-sitting-behind-a-desk-in-her-office.-She-maintains-her-cool-and-quirky-style-with-colorful-a-150x150.png 150w, https:\/\/stratos-saga.com\/wp-content\/uploads\/2023\/11\/DALL\u00b7E-2023-11-14-06.53.06-Alex-a-successful-woman-in-the-media-industry-aged-40-sitting-behind-a-desk-in-her-office.-She-maintains-her-cool-and-quirky-style-with-colorful-a-768x768.png 768w\" sizes=\"auto, (max-width: 709px) 85vw, (max-width: 909px) 67vw, (max-width: 1362px) 62vw, 840px\" \/><figcaption class=\"wp-element-caption\">Alter 40<\/figcaption><\/figure>\n\n\n\n<figure class=\"wp-block-image size-large\"><img loading=\"lazy\" decoding=\"async\" width=\"1024\" height=\"1024\" data-id=\"238\" src=\"https:\/\/stratos-saga.com\/wp-content\/uploads\/2023\/11\/DALL\u00b7E-2023-11-14-21.16.22-Alex-Fairchild-a-60-year-old-woman-with-distinctive-colorful-hair-participating-in-a-talk-show.-She-is-wearing-stylish-yet-age-appropriate-clothin.png\" alt=\"Alex Fairchild 2052\" class=\"wp-image-238\" srcset=\"https:\/\/stratos-saga.com\/wp-content\/uploads\/2023\/11\/DALL\u00b7E-2023-11-14-21.16.22-Alex-Fairchild-a-60-year-old-woman-with-distinctive-colorful-hair-participating-in-a-talk-show.-She-is-wearing-stylish-yet-age-appropriate-clothin.png 1024w, https:\/\/stratos-saga.com\/wp-content\/uploads\/2023\/11\/DALL\u00b7E-2023-11-14-21.16.22-Alex-Fairchild-a-60-year-old-woman-with-distinctive-colorful-hair-participating-in-a-talk-show.-She-is-wearing-stylish-yet-age-appropriate-clothin-300x300.png 300w, https:\/\/stratos-saga.com\/wp-content\/uploads\/2023\/11\/DALL\u00b7E-2023-11-14-21.16.22-Alex-Fairchild-a-60-year-old-woman-with-distinctive-colorful-hair-participating-in-a-talk-show.-She-is-wearing-stylish-yet-age-appropriate-clothin-150x150.png 150w, https:\/\/stratos-saga.com\/wp-content\/uploads\/2023\/11\/DALL\u00b7E-2023-11-14-21.16.22-Alex-Fairchild-a-60-year-old-woman-with-distinctive-colorful-hair-participating-in-a-talk-show.-She-is-wearing-stylish-yet-age-appropriate-clothin-768x768.png 768w\" sizes=\"auto, (max-width: 709px) 85vw, (max-width: 909px) 67vw, (max-width: 1362px) 62vw, 840px\" \/><figcaption class=\"wp-element-caption\">Alter 60<\/figcaption><\/figure>\n<\/figure>\n\n\n\n<p><\/p>\n","protected":false},"excerpt":{"rendered":"<p>Fr\u00fche Jahre und Ausbildung Fr\u00fche Karriere Weiterf\u00fchrende Karriere Unternehmensgr\u00fcndung Sonstiges<\/p>\n","protected":false},"author":1,"featured_media":0,"parent":0,"menu_order":0,"comment_status":"closed","ping_status":"closed","template":"","meta":{"footnotes":""},"class_list":["post-176","page","type-page","status-publish","hentry","post-format-standard"],"_links":{"self":[{"href":"https:\/\/stratos-saga.com\/index.php?rest_route=\/wp\/v2\/pages\/176","targetHints":{"allow":["GET"]}}],"collection":[{"href":"https:\/\/stratos-saga.com\/index.php?rest_route=\/wp\/v2\/pages"}],"about":[{"href":"https:\/\/stratos-saga.com\/index.php?rest_route=\/wp\/v2\/types\/page"}],"author":[{"embeddable":true,"href":"https:\/\/stratos-saga.com\/index.php?rest_route=\/wp\/v2\/users\/1"}],"replies":[{"embeddable":true,"href":"https:\/\/stratos-saga.com\/index.php?rest_route=%2Fwp%2Fv2%2Fcomments&post=176"}],"version-history":[{"count":3,"href":"https:\/\/stratos-saga.com\/index.php?rest_route=\/wp\/v2\/pages\/176\/revisions"}],"predecessor-version":[{"id":240,"href":"https:\/\/stratos-saga.com\/index.php?rest_route=\/wp\/v2\/pages\/176\/revisions\/240"}],"wp:attachment":[{"href":"https:\/\/stratos-saga.com\/index.php?rest_route=%2Fwp%2Fv2%2Fmedia&parent=176"}],"curies":[{"name":"wp","href":"https:\/\/api.w.org\/{rel}","templated":true}]}}